when 56 is divided by u?
11
Suppose v = -3*v + 180. Let f(h) = h - 9. Let k be f(12). Let o(c) = 2*c**2 - c - 3. Calculate the remainder when v is divided by o(k).
9
Suppose -4*m - 5*l + 14 = -26, 4*m - l = 40. Let h = 45 + -27. Suppose -58 - h = -2*w. What is the remainder when w is divided by m?
8
Suppose 0 = -95*r + 108*r - 65. Calculate the remainder when (34/6)/(1/3) is divided by r.
2
Suppose 2*j - m - 51 = 0, -2*m - 26 = -2*j + 28. What is the remainder when 1243 is divided by j?
19
Suppose 5*z + 4*k + 194 = 465, -219 = -4*z - k. Calculate the remainder when 291 is divided by z.
16
Suppose -2*k + 7*k = -3*c + 77, 3*c + k = 73. Calculate the remainder when 167 is divided by c.
23
Suppose 123 = 5*l - 97. Calculate the remainder when l is divided by 6.
2
Let j = 38 - 4. Let a(t) be the third derivative of -t**6/120 + t**5/60 + t**4/12 + 2*t**3 + 17*t**2. What is the remainder when j is divided by a(0)?
10
Suppose b = x - 104, 2*x + 3*b = -2*x + 395. Let c = 119 - x. What is the remainder when 106 is divided by c?
16
Let c = 87 + -63. Suppose -9*a + 340 = -4*a. What is the remainder when a is divided by c?
20
Calculate the remainder when (((-18)/12)/3)/(2/(-196)) is divided by 26.
23
Suppose 0 = -200*y + 185*y + 570. Calculate the remainder when 55 is divided by y.
17
Suppose 3*g + 3*i = 15, -2*i - 2*i = -g - 20. Calculate the remainder when (g - -3)/(9/114) is divided by 1/((-2)/(-24)) + -2.
8
Let y = -27 - 9. Let x = -29 - y. Suppose -3*m + 3*c = -0*m - 87, 2*m - 54 = c. What is the remainder when m is divided by x?
4
Let d(a) = -5*a**2 - 57*a - 6. What is the remainder when 253 is divided by d(-10)?
61
Let n = 2 + 10. Suppose 189 - 591 = -2*l. Let q = -130 + l. What is the remainder when q is divided by n?
11
Suppose 2*c - 59 = -x + 4*x, 3*c + x = 83. What is the remainder when 68 is divided by c?
12
Suppose 560 = -17*h + 2362. Calculate the remainder when h is divided by 69.
37
Let s(o) = -6 + 24 - 5*o + 8. Let k be s(6). Calculate the remainder when 3 is divided by (-12)/(-9)*(-9)/k.
0
Let o = -1875 - -1931. Calculate the remainder when 127 is divided by o.
15
Let i(c) be the third derivative of -c**5/60 - 11*c**4/12 - 4*c**3 - 3*c**2. What is the remainder when i(-18) is divided by 17?
14
Suppose -2*o + 3*o = x - 24, -5*o = -2*x + 54. Suppose 5*y - 58 - x = 0. Calculate the remainder when 111 is divided by y.
15
Let n(o) = -o**2 - 6*o - 6. Let m be n(-3). Suppose 0 = 3*k - m*w - 4 - 122, 0 = 4*k - 2*w - 160. What is the remainder when 149 is divided by k?
35
Suppose -59*s + 56*s + 595 = 5*p, -2*p = -4*s - 264. What is the remainder when p is divided by 84?
38
Suppose 5*r - 2*m = 65, r + 2*r = m + 40. Let t = -3019 + 3166. What is the remainder when t is divided by r?
12
Suppose -7 = -4*y + 45. What is the remainder when -1 - 20/(-6)*(-21 + (-2190)/(-50)) is divided by y?
10
Suppose -3*x - 17 = 1. Let v = 119 - x. What is the remainder when v is divided by 21?
20
Let t(n) = -n**2 + n + 1. Let f be t(-2). Let c(w) = -w**3 + 8*w + 4. Let k(m) = 2*m**2 + 25*m - 119. What is the remainder when c(f) is divided by k(4)?
11
Suppose 0 = t - 1 + 1. Suppose -5*f + 49 + 61 = t. Calculate the remainder when 82 is divided by f.
16
Let p = -31 + 76. Let q = 63 - p. Let c = -6 + 75. Calculate the remainder when c is divided by q.
15
Suppose -34*o = -35*o + 10439. What is the remainder when (-2)/9 + o/117 is divided by 15?
14
Suppose 3*t + 12 = -15. Let q = 11 + t. Suppose q*i = -5*g + 247 + 23, -3*i = 0. Calculate the remainder when g is divided by 19.
16
Let j(c) = -c**3 + 7*c**2 - c - 5. Let n be j(5). Suppose -2*y + n = -6. What is the remainder when y is divided by 8?
7
Suppose 4*q = -3*a + 4, 4*a = -5*q + 2 + 2. What is the remainder when 91 is divided by 3/(q - 1) - (-29 - 1)?
29
Let f(s) = -s**3 + 37*s**2 - 134*s + 77. Calculate the remainder when 208 is divided by f(33).
10
Suppose 4*y = 7*y - 267. Let n = 299 - 284. Calculate the remainder when y is divided by n.
14
Let k(p) = -p**3 - 11*p**2 + 13*p + 12. Let n be k(-12). Suppose n = -v + 84 - 75. What is the remainder when -2*(-1 + (-33)/2) is divided by v?
8
Let i(w) be the first derivative of w**2/2 + 6*w + 2. Let g = -40 - -46. What is the remainder when 35 is divided by i(g)?
11
Suppose 2*y + 5*l - 125 = -3*y, 3*l - 9 = 0. Let f(r) = 5*r + 38. Calculate the remainder when f(0) is divided by y.
16
Let i(r) = -r**2 + r. Let l(n) = 3*n**2 - 8*n + 5. Let m(d) = -2*i(d) - l(d). Let o be m(4). Suppose w - o = 3. Calculate the remainder when w is divided by 3.
0
Suppose -2*a - 12 = -t, t - 3*a = 5 + 9. What is the remainder when 32 is divided by (7 + -5)/(t/36)?
5
Let m(y) = y**2 - 39*y - 260. Calculate the remainder when m(48) is divided by 45.
37
Suppose 47*f - 40*f - 63 = 0. What is the remainder when 14 is divided by f?
5
Suppose -q - 8*l + 4*l + 11 = 0, -q - 3*l = -13. Calculate the remainder when 225 is divided by q.
16
Let n(c) = -c**2 - 7*c - 6. Let a be n(-6). Suppose -m + 2 + 39 = a. What is the remainder when m is divided by 22?
19
Let z(n) = n**3 - n**2 + n - 1. Let w be z(0). What is the remainder when 27/(w/((-2)/2)) is divided by (-76)/(-10) + 45/(-75)?
6
Let c be (-14)/84 + 62/12. Suppose -48 - 42 = -c*f. Suppose 5*p = -p + f. What is the remainder when 11 is divided by p?
2
Suppose -4*u - 24 = -292. What is the remainder when u is divided by 15 + (2 - 0/(-4))?
16
Let c(r) = 4*r**2 - 4*r. What is the remainder when c(-8) is divided by 58?
56
Suppose 4*g - 16 = x - 0*x, 5*x + 144 = 4*g. What is the remainder when (-3208)/x - 1/(4/(-3)) is divided by 17?
16
Suppose 25 = 3*k + 2*k. Suppose k*m - 20 = -0. Suppose 200 = m*p + 4*l, -2*p + 244 = 3*p - l. Calculate the remainder when p is divided by 13.
10
Let p = -279 + 301. Let a be (-4 + 2)*19/(-2). Suppose p*g - a*g = 93. Calculate the remainder when g is divided by 16.
15
Suppose -11*x = -17 - 148. Let w(h) = 58*h**3 + 2*h - 1. What is the remainder when w(1) is divided by x?
14
Suppose 3*j + 3*b = 141, -3*b + 72 = j - 7*b. Calculate the remainder when 232 is divided by j.
24
Let u = 39 + -36. Suppose -2*b - u*z + 33 = 0, b - 4*b - 5*z = -50. Calculate the remainder when 73 is divided by b.
13
Let k(r) = 2*r + 68. Let j = 31 - 49. What is the remainder when 127 is divided by k(j)?
31
Let d(a) = a + 49. Let x be d(-13). Calculate the remainder when 258 is divided by 1340/x + (-2)/9.
36
Let j(a) = 22*a - 46. Calculate the remainder when 359 is divided by j(3).
19
Let b(v) = v**3 + 3*v**2 - 2*v - 2. Suppose 32 + 40 = 3*j. Let l = 21 - j. What is the remainder when 21 is divided by b(l)?
1
Let i(a) = a**2 - 6*a - 7. Let l be i(7). Suppose l = 4*w - 16, -2*u - 5*w + 132 = 2*u. Let m = u - 8. What is the remainder when 59 is divided by m?
19
What is the remainder when -10 - -9 - (7 + -540) is divided by 89?
87
Let n(y) = y**2 - 5*y + 1. Let t be n(4). Let u be 11/(4 + 9/t). Suppose -d + u - 1 = 0. What is the remainder when 37 is divided by d?
7
Let s(i) = i**3 + 3*i**2 + 3. Let l(f) = -f**2 + 6*f + 19. Let y = 5 + 3. What is the remainder when s(-3) is divided by l(y)?
0
Let u(d) = 8*d**2 + 1. What is the remainder when 60/6 - 15 - (-19 + -1) is divided by u(-1)?
6
Let m = -422 - -459. What is the remainder when m is divided by 3?
1
Let b(o) = o**2 - 10*o + 15. What is the remainder when 33 is divided by b(9)?
3
Let w = 6 + -2. What is the remainder when w is divided by 6 - 25*(-6)/(-30)?
0
Let w(a) = a**2 + 46*a + 307. Suppose 2*g = -g - 5*b + 20, -3*b + 12 = 0. Suppose -8*u + 3*u + 20 = g. What is the remainder when u is divided by w(-8)?
1
Let u be 88/(-20) - 6/(-15). Let o be (0 - 2) + -7819 + u. What is the remainder when o/(-225) + (-4)/(-18) is divided by 13?
9
Suppose -4*o + 8 = 3*w, -w + 2*o = 3*o - 3. Suppose -6*u + 34 = -w*u. Let v(k) = k**3 + 4*k**2 - k + 3. What is the remainder when u is divided by v(-4)?
3
Let g be 0/(7 + -1 - 4). Calculate the remainder when (64/6)/((-3)/(-18) + g) is divided by 17.
13
Suppose 4*l = -12 + 24. What is the remainder when 39 is divided by l/4 - (-74)/8?
9
Suppose i - 28 = 3*i. Let p(y) = -2 + y**2 + 5 + 1 + 11 + 10*y. Calculate the remainder when p(i) is divided by 18.
17
Let z(y) = 11*y**2 + 102*y + 84. Calculate the remainder when z(-14) is divided by 37.
35
Let v = -11 - -11. Suppo